s 1087 composite?
False
Is 2620315 a composite number?
True
Is 29695 prime?
False
Is 87611 prime?
False
Is 659429 a composite number?
True
Is 49409 a composite number?
False
Is 417533 a prime number?
False
Is 1642579 a prime number?
True
Is 625731 composite?
True
Is 841 a composite number?
True
Is 5437 prime?
True
Is 144635 a prime number?
False
Is 73159 a prime number?
False
Is 47933 a prime number?
True
Is 499971 composite?
True
Is 100907 composite?
False
Is 20693 a prime number?
True
Is 105031 a prime number?
True
Is 331373 composite?
True
Is 9031 prime?
False
Is 877 composite?
False
Is 50411 prime?
True
Is 357473 a prime number?
True
Is 232529 prime?
False
Is 11733 composite?
True
Is 15319 composite?
False
Is 513041 prime?
True
Is 7651 a composite number?
True
Is 46337 a prime number?
True
Is 41435 composite?
True
Is 4629 a prime number?
False
Is 7019 prime?
True
Is 11303 a composite number?
True
Is 458855 prime?
False
Is 4177 prime?
True
Is 39959 a prime number?
False
Is 1793 a prime number?
False
Is 2833 a composite number?
False
Is 25271 a composite number?
True
Is 17617 prime?
False
Is 7789 a composite number?
False
Is 109023 composite?
True
Is 3149 a composite number?
True
Is 143123 a prime number?
False
Is 1481 prime?
True
Is 16183 prime?
True
Is 37523 prime?
False
Is 1113131 prime?
False
Is 6173 a prime number?
True
Is 298999 a composite number?
False
Is 8503 a composite number?
True
Is 44139 prime?
False
Is 118127 composite?
False
Is 1149209 composite?
False
Is 1537 a prime number?
False
Is 28073 a prime number?
False
Is 31303 prime?
False
Is 427071 a prime number?
False
Is 40955 composite?
True
Is 7022 prime?
False
Is 6637 a prime number?
True
Is 5720174 composite?
True
Is 187 composite?
True
Is 644219 composite?
True
Is 38345 composite?
True
Is 13157 composite?
True
Is 14017 a prime number?
False
Is 1190237 prime?
True
Is 178833 a prime number?
False
Is 54163 a composite number?
False
Is 2809 composite?
True
Is 901 composite?
True
Is 311839 composite?
True
Is 6803 a composite number?
False
Is 749 composite?
True
Is 21439 a composite number?
True
Is 207229 prime?
False
Is 15497 a prime number?
True
Is 378055 composite?
True
Is 2293013 prime?
True
Is 100963 composite?
True
Is 35609 composite?
True
Is 893 a prime number?
False
Is 59918 composite?
True
Is 2861 a prime number?
True
Is 131 a prime number?
True
Is 132659 a prime number?
False
Is 2819 composite?
False
Is 82439 prime?
False
Is 16301 prime?
True
Is 93077 a prime number?
True
Is 4699 a prime number?
False
Is 7751 a composite number?
True
Is 14867 composite?
False
Is 12295 composite?
True
Is 9733 a prime number?
True
Is 1399 prime?
True
Is 12653 a composite number?
False
Is 266003 prime?
True
Is 863479 a prime number?
True
Is 2813 a prime number?
False
Is 548945 composite?
True
Is 13129 a prime number?
False
Is 72521 prime?
False
Is 354829 composite?
False
Is 51089 a composite number?
True
Is 163177 composite?
True
Is 28051 a composite number?
False
Is 736091 a composite number?
False
Is 796963 composite?
True
Is 14437 a prime number?
True
Is 17039 composite?
True
Is 7273771 prime?
True
Is 9529 composite?
True
Is 288943 a composite number?
True
Is 5261 a composite number?
False
Is 488011 a composite number?
False
Is 6533 prime?
False
Is 360947 a composite number?
False
Is 29157 prime?
False
Is 148159 a composite number?
True
Is 499451 a composite number?
True
Is 383777 composite?
False
Is 7507 a composite number?
False
Is 33791 a prime number?
True
Is 12007 composite?
False
Is 158041 a composite number?
True
Is 13093 a prime number?
True
Is 26947 a composite number?
False
Is 49186 prime?
False
Is 111001 composite?
True
Is 548807 a prime number?
False
Is 767 composite?
True
Is 13591 prime?
True
Is 101663 composite?
False
Is 59941 a composite number?
True
Is 27791 a composite number?
False
Is 34669 prime?
False
Is 302819 prime?
False
Is 389917 prime?
False
Is 25693 a composite number?
False
Is 10841 a composite number?
True
Is 11114 a composite number?
True
Is 225977 a composite number?
False
Is 451159 composite?
False
Is 145633 a composite number?
False
Is 1923 a prime number?
False
Is 4327 prime?
True
Is 70673 a composite number?
True
Is 1253 prime?
False
Is 441919 a prime number?
False
Is 1151 a composite number?
False
Is 651773 prime?
False
Is 97763 a composite number?
True
Is 437467 a prime number?
True
Is 1672757 a composite number?
True
Is 190731 prime?
False
Is 4481 a composite number?
False
Is 1364861 composite?
False
Is 1888121 a prime number?
True
Is 12847 composite?
True
Is 410707 prime?
False
Is 5042 composite?
True
Is 1252469 composite?
False
Is 419 prime?
True
Is 50891 composite?
False
Is 68867 prime?
False
Is 3173 composite?
True
Is 20141 composite?
True
Is 286849 a composite number?
True
Is 48943 a composite number?
True
Is 53483 a composite number?
True
Is 6931 a prime number?
False
Is 124885 prime?
False
Is 826687 composite?
True
Is 253309 prime?
False
Is 1153589 prime?
True
Is 632189 prime?
True
Is 881057 a prime number?
True
Is 55007 a composite number?
True
Is 99537 a prime number?
False
Is 48299 composite?
False
Is 99523 prime?
True
Is 5737 prime?
True
Is 32537 composite?
False
Is 38797 a composite number?
True
Is 9155 a composite number?
True
Is 87853 a prime number?
True
Is 7286 prime?
False
Is 34913 a composite number?
False
Is 21727 composite?
False
Is 418157 a prime number?
True
Is 79967 a composite number?
False
Is 176723 prime?
False
Is 235555 a composite number?
True
Is 15689 a composite number?
True
Is 1167011 a prime number?
True
Is 84233 composite?
True
Is 123763 a prime number?
False
Is 639565 prime?
False
Is 270323 composite?
False
Is 7969 a composite number?
True
Is 2086334 prime?
False
Is 15838 composite?
True
Is 6637 a prime number?
True
Is 362 composite?
True
Is 10663 a prime number?
True
Is 54829 a prime number?
True
Is 17957 a composite number?
False
Is 51151 a prime number?
True
Is 17399 prime?
False
Is 42131 a prime number?
True
Is 9587 prime?
True
Is 10279 a composite number?
True
Is 24233 composite?
True
Is 110787 a prime number?
False
Is 2119793 composite?
True
Is 9109 prime?
True
Is 500083 a prime number?
True
Is 23663 composite?
False
Is 182069 prime?
False
Is 246179 prime?
False
Is 1073 prime?
False
Is 1390043 a composite number?
False
Is 25777 prime?
False
Is 2767 a prime number?
True
Is 949247 prime?
False
Is 740087 composite?
False
Is 1135799 a prime number?
False
Is 10747 a prime number?
False
Is 491698 a prime number?
False
Is 112829 a composite number?
True
Is 3181 composite?
False
Is 1862761 composite?
False
Is 37283 a composite number?
True
Is 24031 a prime number?
False
Is 2179 prime?
True
Is 174353 prime?
False
Is 89459 prime?
True
Is 66773 a composite number?
True
Is 46399 prime?
True
Is 57503 prime?
True
Is 13229 a prime number?
True
Is 76357 a prime number?
False
Is 12491 prime?
True
Is 597031 a composite number?
False
Is 3107 a prime number?
False
Is 3371 a prime number?
True
Is 14969 composite?
False
Is 13991 composite?
True
Is 934033 composite?
False
Is 76031 a composite number?
False
Is 13141 a prime number?
False
Is 48449 composite?
False
Is 5701 composite?
False
Is 12085 a prime number?
False
Is 65787 composite?
True
Is 65495 composite?
True
Is 18633 composite?
True
Is 132333 a composite number?
True
Is 4441 prime?
True
Is 151783 composite?
False
Is 624961 composite?
False
Is 208617 a prime number?
False
Is 1004977 composite?
False
Is 362059 prime?
True
Is 2251 composite?
False
Is 115091 composite?
True
Is 343789 composite?
True
Is 41341 composite?
False
Is 42729 composite?
True
Is 61211 composite?
False
Is 20287 a prime number?
True
Is 104941 prime?
False
Is 1189 a composite number?
True
Is 65999 composite?
True
Is 317 a prime number?
True
Is 39398 composite?
True
Is 76669 composite?
True
Is 1201 a prime number?
True
Is 111907 a prime number?
False
Is 27994 a composite number?
True
Is 1337 a prime number?
False
Is 21557 composite?
False
Is 4661 composite?
True
Is 1861 composite?
False
Is 65933 prime?
False
Is 82601 prime?
True
Is 163934 a prime number?
False
Is 115189 prime?
False
Is 154981 a prime number?
True
Is 29059 a prime number?
True
Is 33437 composite?
True
Is 147011 composite?
False
Is 43141 a 